-2*l + i*b. What is the units digit of l?
1
Let k = -40 - -82. What is the units digit of k?
2
What is the hundreds digit of 134 - (-12 + 11)*(1 + 1)?
1
Let h be (-4)/4 + 0 + 25. Suppose -2 = n + 2. What is the units digit of ((-3)/2)/(n/h)?
9
Let k(i) = 4*i - 13 + 11*i**2 + 3 - i**3 - 3*i. What is the units digit of k(11)?
1
Suppose -5*k = -0*k - 5. What is the tens digit of (2 - k)*13 + -1?
1
Let z(l) = -l + 3. Let u be z(-4). Let a be (-4)/12 - (-22)/(-6). Let i = a + u. What is the units digit of i?
3
Suppose 0 = -x - 4*x + 365. What is the units digit of x?
3
Suppose 100 = 4*q + 20. What is the tens digit of q?
2
Let i be ((-9)/6)/(-3)*-18. Let g be 4/(-10) - 252/45. What is the tens digit of (-9)/g*(-114)/i?
1
What is the tens digit of (-2640)/(-150)*10/4?
4
Let y(t) = 3*t**2 + 8*t + 5. Let u(h) = 2*h**2 + 7*h + 4. Let d(v) = 4*u(v) - 3*y(v). What is the units digit of d(4)?
1
Let m(h) = 12*h + 1. Let n be m(9). Suppose -n = -4*o + b, -4*b = -4*o + 147 - 47. What is the tens digit of o?
2
Let w = 6 - 9. Let l(u) = u. Let x(s) = -5*s - 1. Let h(r) = 2*l(r) + x(r). What is the units digit of h(w)?
8
What is the units digit of (-2)/(-13) + (-453)/(-13)?
5
Let p(n) = -4*n**3 + 3*n**2 - n + 6. What is the hundreds digit of p(-3)?
1
Let l be (-30)/(-9) - (-1)/(-3). Let u(a) be the second derivative of a**4/12 - a**3/3 + a**2/2 - 24*a. What is the units digit of u(l)?
4
Let z be (-2 - -1)/(4/(-368)). Suppose 4*n = 4*d + 112, z = 3*n + 2*d - 3*d. What is the units digit of n?
2
Suppose 5*l + 4*f - 160 = 306, -2 = 2*f. What is the tens digit of l?
9
Let k be 5 + 4/(4/(-3)). Suppose k*q = -2*q - u + 40, -4*q + 2*u + 52 = 0. What is the tens digit of q?
1
Let u = 0 + 1. Let p(t) = 5*t. What is the units digit of p(u)?
5
Let i(k) = 5*k**3 - 2*k**2 + 3*k - 2. What is the tens digit of i(2)?
3
Let x be 2/(-3)*3*3. Let s = -4 - x. What is the units digit of s?
2
Let s(o) = 2*o - 5. Let f be s(4). Let a be 3*(38/f + -2). Suppose 7 - a = -5*v. What is the units digit of v?
5
Suppose 4*b - 50 = 10. What is the tens digit of b?
1
Let u(q) = 18*q - 2. What is the tens digit of u(2)?
3
Suppose 6*g - 178 = 2. What is the units digit of g?
0
Let y(x) = 11*x**2 - 6*x - 2. What is the tens digit of y(-2)?
5
Let n = 4 + -1. Suppose -n*a - 2*l + 22 = 0, 4*l - 8 = a + 2*a. Suppose 33 + 11 = a*j + 4*t, 3*t + 22 = 2*j. What is the units digit of j?
1
Let f be 2 + 2 + -140 + 1. Let r = 191 + f. What is the units digit of r?
6
Let r(l) = l**2 + 0*l**3 + 7*l**2 - 6*l - 9 - l**3. Let y be r(7). Let g = y + 3. What is the units digit of g?
1
Let f(d) = -39*d - 42. Let u(q) = -11*q - 12. Let i(g) = -5*f(g) + 18*u(g). Let a be i(-4). Let z = a + 0. What is the units digit of z?
6
Suppose 4 = 5*f + 19. Let r(m) = m**3 - 5*m**2 + m + 2. Let x be r(5). Let u = f + x. What is the units digit of u?
4
Let r(t) = 43*t + 14. What is the hundreds digit of r(4)?
1
Let u(y) = 11 + 3 + y**2 - 4*y - 3*y. What is the units digit of u(6)?
8
What is the tens digit of (-5 - -75) + -3 + 1?
6
Let n be (-4 - -5) + (0 - -9). Let v be 4/n*(2 - -3). What is the units digit of 0 + v - (0 + -4)?
6
Let s be 2*2/(-4) - -16. What is the units digit of ((-21)/(-2))/(s/20)?
4
Let b(a) = -a**2 + 5*a + 2. Let m(v) = 5*v**2 - 26*v - 11. Let d(w) = -11*b(w) - 2*m(w). What is the units digit of d(4)?
4
Suppose 0*u = -u - 12. Let p = -4 - u. What is the units digit of p?
8
Let v(c) = -4*c - 1. Let x be v(-1). Suppose -x*k = 4*n - 8*k - 40, -5*n + 17 = 2*k. What is the units digit of n?
5
Let i(r) = -r**2 - 7*r - 8. Let a be i(-4). Suppose -165 + 57 = -a*n. What is the units digit of n?
7
Let i(b) = 9*b - 4. What is the units digit of i(1)?
5
What is the units digit of ((-285)/(-10))/(1/2)?
7
Suppose -7 = 2*a + 1, y + a - 175 = 0. What is the tens digit of y?
7
Let q(d) = 2*d**3 + 8*d**2 - 15*d - 11. What is the units digit of q(5)?
4
Let o be (-1*4)/((-2)/2). Suppose 2 = o*m - 114. What is the units digit of m?
9
Let o(h) = h**3 + 6*h**2 - h + 2. Let r be o(-6). Let l = 12 - r. What is the units digit of l?
4
Let t be (-4)/14 + (-90)/(-21). Suppose -50 = -t*v + 26. What is the units digit of v?
9
What is the units digit of (-40 - 0)/(-4) + 4?
4
Let f(b) = -b**3 + 3*b**2 + 2*b + 5. Suppose -7*x + 20 = -2*x. Let h be f(x). What is the units digit of (-6)/4*2/h?
1
Let i = 120 - 63. Suppose 0 = -2*k + 5*a + i, 3*a - 158 = -5*k - 0*a. What is the units digit of k?
1
Let f = -10 + 4. Let n = 8 + f. What is the units digit of n?
2
Suppose 2*r = -r + 6. Suppose 4*c + 11*f = 6*f + 144, -105 = -3*c - 3*f. Suppose r*i = -2*i + 4*w + 36, -5*w = -4*i + c. What is the units digit of i?
4
Suppose 5*y = 4*i - 98, -2*y = -5*i + 3*y + 125. What is the tens digit of i?
2
Let o(x) be the first derivative of x**3/3 - 2*x**2 - 8*x + 6. What is the units digit of o(6)?
4
What is the units digit of 1/((-120)/(-118) + -1)?
9
Let u(v) = 4*v**3 - 3*v**2 - 3*v - 4. Let x be u(3). Suppose 5*h - x = -4*c, 2*h = 3*h - 4*c - 4. What is the tens digit of h?
1
Let j = 147 + -87. What is the units digit of j?
0
Suppose -c = 4*c + 3*w - 307, 67 = c + 2*w. Suppose -c = -3*r + 10. Suppose -5*y - 18 = 7, 5*y + r = -l. What is the units digit of l?
2
Suppose -r + 3 = 0, -2*m - 2*r + 45 = -5*r. What is the tens digit of m?
2
Let h(j) = 354*j - 2. What is the units digit of h(1)?
2
Let f(r) = r**2 - 16*r + 22. Suppose -2*g = -7*g + 80. What is the tens digit of f(g)?
2
Let a(s) = -13. Let x(n) = n - 1. Let g(k) = a(k) - 4*x(k). What is the tens digit of g(-6)?
1
Let p = -2 + 0. What is the units digit of ((-3)/p)/(8/32)?
6
Let v(f) = 11*f - 41. What is the units digit of v(19)?
8
Let m(p) = -4*p + 6. Let c(n) = 5*n - 5. Let s(b) = -2*c(b) - 3*m(b). Let u be s(6). Suppose 4*d - u = -0. What is the units digit of d?
1
Let h(k) = k + 2. Let j = 8 - 5. Suppose -j*v + v + 10 = 0. What is the units digit of h(v)?
7
Let d(q) = -q**3 + 5*q**2 + 5. Let f be d(5). Suppose -z + f*i = 15, 2*i - 9 = -3*z + 14. What is the units digit of z?
5
Let l(y) = -y - 4. Suppose 3*b - 4*b - 4*c = 9, 5*b + 64 = -c. Let d = b + 8. What is the units digit of l(d)?
1
Let q(h) = 4*h - 5. What is the tens digit of q(7)?
2
Suppose -3*c + 2*w + 6 = 0, 4*w + 12 = 2*c + 3*c. Suppose -2*s + 162 = q + 4*q, c = 2*s + 4*q - 166. What is the tens digit of (-438)/(-26) + 14/s?
1
Let f = -114 - -137. What is the units digit of f?
3
What is the units digit of 915/7 - 6/(-21)?
1
Let b = 160 - 93. What is the units digit of b?
7
Suppose 119 = -v - 5*z + 4, 12 = 4*z. What is the units digit of v/(-11) - (-2)/11?
2
Let n(u) = -12*u + 4. What is the units digit of n(-5)?
4
Suppose 4*c - 78 = 226. What is the units digit of c?
6
What is the units digit of 135/10*(-2)/(-3)?
9
Let k(z) = 33*z**2. What is the tens digit of k(1)?
3
Suppose 4*g - 2*g + 105 = c, -10 = 5*g. What is the hundreds digit of c?
1
Let s = 88 + -124. What is the units digit of -2*(-5)/((-20)/s)?
8
Suppose -u + 0*u = -42. Suppose 0 = -0*d + 2*d - u. What is the units digit of d?
1
Let c = 2 + 3. Suppose -9*s + 16 = -c*s. What is the units digit of s?
4
Suppose 2*f - 102 = -3*w, 143 = w + 3*w + 5*f. What is the tens digit of w?
3
Let l be 2/(-6)*(-36 + -3). Let b = -5 + l. What is the units digit of b?
8
Let c be (-2)/8 - 54/8. Let i(s) = s**2 + 2*s + 15. What is the tens digit of i(c)?
5
Let s be 0 - 2 - (-53 - 5). Suppose -6*g + s = -g - 4*y, -4*g + 52 = 4*y. What is the units digit of g?
2
Suppose a = 2*a. Let h(t) = -t**3 + t**2 - t + 8. What is the units digit of h(a)?
8
Let r(y) be the first derivative of -5*y**4/4 - y**3/3 - 2*y**2 - 3*y - 5. What is the tens digit of r(-2)?
4
Suppose -3*u - 3*p = 0, -2*u + 2*p = -p - 10. Suppose i - 4 = -v + 3*i, -3*v + 20 = u*i. What is the units digit of v?
6
Suppose 3*g = 3*t + 33, 0 = 5*g + 5*t - 8*t - 53. What is the tens digit of g?
1
Suppose 2*x + 5*s = 14 - 5, -5*s = -4*x + 33. What is the units digit of x?
7
Let n be 1/3*(10 - 7). What is the units digit of -3 + (39 - 2)/n?
4
Suppose -3*h - 2 = -11. Suppose -4*a = -3*a - h. What is the units digit of a?
3
Suppose -4*q - 28 = -5*x, -9 = -4*x + 3*q + 14. Suppose -7 = 5*b - y, -3*b + x*b + 4*y = -22. Let i = -1 - b. What is the units digit of i?
1
Suppose -624 = -4*v + 2*p, -3*v - 5*p + 6*p = -467. What is the tens digit of v?
